{"id":50,"date":"2025-11-07T11:14:10","date_gmt":"2025-11-07T10:14:10","guid":{"rendered":"https:\/\/khepry88.com\/?page_id=50"},"modified":"2025-11-15T12:00:50","modified_gmt":"2025-11-15T11:00:50","slug":"privacy-policy","status":"publish","type":"page","link":"https:\/\/khepry88.com\/?page_id=50","title":{"rendered":"Privacy Policy"},"content":{"rendered":"\n<p><strong>Donn\u00e9es Personnelles &amp; Cookies<\/strong><\/p>\n\n\n\n<p><strong>Responsable du traitement des donn\u00e9es<\/strong><\/p>\n\n\n\n<p>Le traitement des donn\u00e9es personnelles collect\u00e9es sur le site&nbsp;<a href=\"http:\/\/www.khepry88.com\/\" target=\"_blank\" rel=\"noreferrer noopener\">khepry88.com<\/a>&nbsp;est assur\u00e9 par Monsieur Laurent URBANCZYK, en qualit\u00e9 de repr\u00e9sentant l\u00e9gal de la soci\u00e9t\u00e9 KHEPRY88.<\/p>\n\n\n\n<p><strong>Donn\u00e9es collect\u00e9es<\/strong><\/p>\n\n\n\n<p>Les donn\u00e9es collect\u00e9es via les formulaires du site incluent : nom, adresse \u00e9lectronique, num\u00e9ro de t\u00e9l\u00e9phone, et toute autre information transmise par l\u2019Utilisateur.<\/p>\n\n\n\n<p><strong>Objectif du traitement<\/strong><\/p>\n\n\n\n<p>Les informations recueillies sont utilis\u00e9es pour :<\/p>\n\n\n\n<ul class=\"wp-block-list\">\n<li>r\u00e9pondre aux demandes d\u2019information envoy\u00e9es via le formulaire,<\/li>\n\n\n\n<li>fournir des documents ou informations compl\u00e9mentaires,<\/li>\n\n\n\n<li>assurer le suivi des \u00e9changes avec les utilisateurs.<\/li>\n<\/ul>\n\n\n\n<p><strong>Base l\u00e9gale<\/strong><\/p>\n\n\n\n<p>Le traitement repose sur le consentement de l\u2019Utilisateur qui remplit volontairement le formulaire de contact et sur l\u2019int\u00e9r\u00eat l\u00e9gitime de r\u00e9pondre aux sollicitations.<\/p>\n\n\n\n<p><strong>Dur\u00e9e de conservation<\/strong><\/p>\n\n\n\n<p>Les donn\u00e9es sont conserv\u00e9es pendant 3 ans \u00e0 compter de la derni\u00e8re demande de l&rsquo;utilisateur.<\/p>\n\n\n\n<p><strong>Destinataires des donn\u00e9es<\/strong><\/p>\n\n\n\n<p>Les donn\u00e9es sont destin\u00e9es exclusivement \u00e0 Monsieur Laurent URBANCZYK et, le cas \u00e9ch\u00e9ant, \u00e0 son associ\u00e9 dans le cadre de la gestion des demandes, et ne sont pas transmises \u00e0 des tiers.<\/p>\n\n\n\n<p><strong>Gestion des cookies<\/strong><\/p>\n\n\n\n<p>Les cookies utilis\u00e9s sur le site permettent d&rsquo;assurer son bon fonctionnement et, le cas \u00e9ch\u00e9ant, de mesurer son audience. L&rsquo;utilisateur peut refuser leur utilisation en configurant son navigateur.<\/p>\n\n\n\n<p><strong>Exercice des droits<\/strong><\/p>\n\n\n\n<p>Conform\u00e9ment au RGPD, l\u2019Utilisateur dispose d\u2019un droit d&rsquo;acc\u00e8s, de rectification, d&rsquo;effacement, d&rsquo;opposition, de limitation et de portabilit\u00e9. Il peut exercer ces droits en \u00e9crivant \u00e0 :&nbsp;<a href=\"mailto:contact@khepry88.com\" target=\"_blank\" rel=\"noreferrer noopener\">contact@khepry88.com<\/a>. Il peut \u00e9galement introduire une r\u00e9clamation aupr\u00e8s de la CNIL :&nbsp;<a href=\"http:\/\/www.cnil.fr\/\" target=\"_blank\" rel=\"noreferrer noopener\">www.cnil.fr<\/a>.<\/p>\n","protected":false},"excerpt":{"rendered":"<p>Donn\u00e9es Personnelles &amp; Cookies Responsable du traitement des donn\u00e9es Le traitement des donn\u00e9es personnelles collect\u00e9es sur le site&nbsp;khepry88.com&nbsp;est assur\u00e9 par Monsieur Laurent URBANCZYK, en qualit\u00e9 de repr\u00e9sentant l\u00e9gal de la soci\u00e9t\u00e9 KHEPRY88. Donn\u00e9es collect\u00e9es Les donn\u00e9es collect\u00e9es via les formulaires du site incluent : nom, adresse \u00e9lectronique, num\u00e9ro de t\u00e9l\u00e9phone, et toute autre information transmise [&hellip;]<\/p>\n","protected":false},"author":1,"featured_media":0,"parent":0,"menu_order":0,"comment_status":"closed","ping_status":"closed","template":"","meta":{"footnotes":""},"class_list":["post-50","page","type-page","status-publish","hentry"],"acf":[],"_links":{"self":[{"href":"https:\/\/khepry88.com\/index.php?rest_route=\/wp\/v2\/pages\/50","targetHints":{"allow":["GET"]}}],"collection":[{"href":"https:\/\/khepry88.com\/index.php?rest_route=\/wp\/v2\/pages"}],"about":[{"href":"https:\/\/khepry88.com\/index.php?rest_route=\/wp\/v2\/types\/page"}],"author":[{"embeddable":true,"href":"https:\/\/khepry88.com\/index.php?rest_route=\/wp\/v2\/users\/1"}],"replies":[{"embeddable":true,"href":"https:\/\/khepry88.com\/index.php?rest_route=%2Fwp%2Fv2%2Fcomments&post=50"}],"version-history":[{"count":2,"href":"https:\/\/khepry88.com\/index.php?rest_route=\/wp\/v2\/pages\/50\/revisions"}],"predecessor-version":[{"id":72,"href":"https:\/\/khepry88.com\/index.php?rest_route=\/wp\/v2\/pages\/50\/revisions\/72"}],"wp:attachment":[{"href":"https:\/\/khepry88.com\/index.php?rest_route=%2Fwp%2Fv2%2Fmedia&parent=50"}],"curies":[{"name":"wp","href":"https:\/\/api.w.org\/{rel}","templated":true}]}}